{"id":3067,"date":"2022-07-07T12:35:11","date_gmt":"2022-07-07T12:35:11","guid":{"rendered":"https:\/\/www.brannholms.se\/?page_id=3067"},"modified":"2026-02-06T10:31:17","modified_gmt":"2026-02-06T10:31:17","slug":"utkast-hemsida-2","status":"publish","type":"page","link":"https:\/\/www.brannholms.se\/","title":{"rendered":"hemsida"},"content":{"rendered":"<style>\/*! elementor - v3.10.1 - 17-01-2023 *\/<br \/>\n.elementor-heading-title{padding:0;margin:0;line-height:1}.elementor-widget-heading .elementor-heading-title[class*=elementor-size-]>a{color:inherit;font-size:inherit;line-height:inherit}.elementor-widget-heading .elementor-heading-title.elementor-size-small{font-size:15px}.elementor-widget-heading .elementor-heading-title.elementor-size-medium{font-size:19px}.elementor-widget-heading .elementor-heading-title.elementor-size-large{font-size:29px}.elementor-widget-heading .elementor-heading-title.elementor-size-xl{font-size:39px}.elementor-widget-heading .elementor-heading-title.elementor-size-xxl{font-size:59px}<\/style>\n<h1>Aff\u00e4r&#8217;n<br \/>\ni Borgvattnet<\/h1>\n<h3><a href=\"https:\/\/www.brannholms.se\/?page_id=3435\">Caf\u00e9 <\/a><\/h3>\n<h3><a href=\"https:\/\/www.brannholms.se\/?page_id=3599\">Shop<\/a><\/h3>\n<h3><a href=\"https:\/\/www.brannholms.se\/?page_id=3411\">B&amp;B<\/a><\/h3>\n<h2>Essentials For<br \/>\nYour Visit<\/h2>\n<p><b>We have everything for your stay.<br \/>\n<\/b>Other than products for your everyday living, we offer our guests free wifi, we can give tips about local activities. Outside our shop we have a gas station and we are also a communal service point.<\/p>\n<link rel=\"stylesheet\" href=\"https:\/\/www.brannholms.se\/wp-content\/plugins\/elementor\/assets\/css\/widget-icon-box.min.css\">\n<h3>\n\t\t\t\t\t\tFree Wifi<\/h3>\n<p>Never worry about the connection to your friends and family.<\/p>\n<h3>\n\t\t\t\t\t\tLibrary<\/h3>\n<p>Stuguns public library.<br \/>\nSit down and relax with a good book in your hands.<\/p>\n<h3>\n\t\t\t\t\t\tGas Station<\/h3>\n<p>The gas station provided by Borgvattenbygdens utveckling ekonomisk f\u00f6rening.<\/p>\n<h3>\n\t\t\t\t\t\tService Point<\/h3>\n<p>We are a communal service point.<\/p>\n<h2>Our Services<\/h2>\n<style>\/*! elementor - v3.10.1 - 17-01-2023 *\/<br \/>\n.elementor-widget-image{text-align:center}.elementor-widget-image a{display:inline-block}.elementor-widget-image a img[src$=\".svg\"]{width:48px}.elementor-widget-image img{vertical-align:middle;display:inline-block}<\/style>\n<p>\t\t\t\t\t\t\t\t\t\t\t\t<img width=\"2000\" height=\"1500\" src=\"https:\/\/www.brannholms.se\/wp-content\/uploads\/2014\/02\/P1060528.jpg\" alt=\"\" loading=\"lazy\" srcset=\"https:\/\/www.brannholms.se\/wp-content\/uploads\/2014\/02\/P1060528.jpg 2000w, https:\/\/www.brannholms.se\/wp-content\/uploads\/2014\/02\/P1060528-300x225.jpg 300w, https:\/\/www.brannholms.se\/wp-content\/uploads\/2014\/02\/P1060528-1024x768.jpg 1024w, https:\/\/www.brannholms.se\/wp-content\/uploads\/2014\/02\/P1060528-960x720.jpg 960w\" sizes=\"(max-width: 2000px) 100vw, 2000px\"><\/p>\n<h3>Shop<\/h3>\n<style>\/*! elementor - v3.10.1 - 17-01-2023 *\/<br \/>\n.elementor-widget-divider{--divider-border-style:none;--divider-border-width:1px;--divider-color:#2c2c2c;--divider-icon-size:20px;--divider-element-spacing:10px;--divider-pattern-height:24px;--divider-pattern-size:20px;--divider-pattern-url:none;--divider-pattern-repeat:repeat-x}.elementor-widget-divider .elementor-divider{display:flex}.elementor-widget-divider .elementor-divider__text{font-size:15px;line-height:1;max-width:95%}.elementor-widget-divider .elementor-divider__element{margin:0 var(--divider-element-spacing);flex-shrink:0}.elementor-widget-divider .elementor-icon{font-size:var(--divider-icon-size)}.elementor-widget-divider .elementor-divider-separator{display:flex;margin:0;direction:ltr}.elementor-widget-divider--view-line_icon .elementor-divider-separator,.elementor-widget-divider--view-line_text .elementor-divider-separator{align-items:center}.elementor-widget-divider--view-line_icon .elementor-divider-separator:after,.elementor-widget-divider--view-line_icon .elementor-divider-separator:before,.elementor-widget-divider--view-line_text .elementor-divider-separator:after,.elementor-widget-divider--view-line_text .elementor-divider-separator:before{display:block;content:\"\";border-bottom:0;flex-grow:1;border-top:var(--divider-border-width) var(--divider-border-style) var(--divider-color)}.elementor-widget-divider--element-align-left .elementor-divider .elementor-divider-separator>.elementor-divider__svg:first-of-type{flex-grow:0;flex-shrink:100}.elementor-widget-divider--element-align-left .elementor-divider-separator:before{content:none}.elementor-widget-divider--element-align-left .elementor-divider__element{margin-left:0}.elementor-widget-divider--element-align-right .elementor-divider .elementor-divider-separator>.elementor-divider__svg:last-of-type{flex-grow:0;flex-shrink:100}.elementor-widget-divider--element-align-right .elementor-divider-separator:after{content:none}.elementor-widget-divider--element-align-right .elementor-divider__element{margin-right:0}.elementor-widget-divider:not(.elementor-widget-divider--view-line_text):not(.elementor-widget-divider--view-line_icon) .elementor-divider-separator{border-top:var(--divider-border-width) var(--divider-border-style) var(--divider-color)}.elementor-widget-divider--separator-type-pattern{--divider-border-style:none}.elementor-widget-divider--separator-type-pattern.elementor-widget-divider--view-line .elementor-divider-separator,.elementor-widget-divider--separator-type-pattern:not(.elementor-widget-divider--view-line) .elementor-divider-separator:after,.elementor-widget-divider--separator-type-pattern:not(.elementor-widget-divider--view-line) .elementor-divider-separator:before,.elementor-widget-divider--separator-type-pattern:not([class*=elementor-widget-divider--view]) .elementor-divider-separator{width:100%;min-height:var(--divider-pattern-height);-webkit-mask-size:var(--divider-pattern-size) 100%;mask-size:var(--divider-pattern-size) 100%;-webkit-mask-repeat:var(--divider-pattern-repeat);mask-repeat:var(--divider-pattern-repeat);background-color:var(--divider-color);-webkit-mask-image:var(--divider-pattern-url);mask-image:var(--divider-pattern-url)}.elementor-widget-divider--no-spacing{--divider-pattern-size:auto}.elementor-widget-divider--bg-round{--divider-pattern-repeat:round}.rtl .elementor-widget-divider .elementor-divider__text{direction:rtl}.e-con-inner>.elementor-widget-divider,.e-con>.elementor-widget-divider{width:var(--container-widget-width);--flex-grow:var(--container-widget-flex-grow)}<\/style>\n<p>In the middle of the village you will find our small country store<br \/>\nA charming grocery store with various&nbsp;locally produced products.<\/p>\n<p><a href=\"https:\/\/www.brannholms.se\/?page_id=3599\" role=\"button\"><br \/>\nRead more<br \/>\n<\/a><\/p>\n<h3>Bed &amp; Breakfast<\/h3>\n<p>Sleep in our charmingly renovated attic up to five people. Live close to nature and recharge your energy.<\/p>\n<p><a href=\"https:\/\/www.brannholms.se\/?page_id=3411\" role=\"button\"><br \/>\nread more<br \/>\n<\/a><br \/>\n<img width=\"2000\" height=\"1500\" src=\"https:\/\/www.brannholms.se\/wp-content\/uploads\/2014\/03\/P1080199_s.jpg\" alt=\"\" loading=\"lazy\" srcset=\"https:\/\/www.brannholms.se\/wp-content\/uploads\/2014\/03\/P1080199_s.jpg 2000w, https:\/\/www.brannholms.se\/wp-content\/uploads\/2014\/03\/P1080199_s-300x225.jpg 300w, https:\/\/www.brannholms.se\/wp-content\/uploads\/2014\/03\/P1080199_s-1024x768.jpg 1024w, https:\/\/www.brannholms.se\/wp-content\/uploads\/2014\/03\/P1080199_s-960x720.jpg 960w\" sizes=\"(max-width: 2000px) 100vw, 2000px\"><br \/>\n<img width=\"2000\" height=\"1500\" src=\"https:\/\/www.brannholms.se\/wp-content\/uploads\/2018\/04\/Shop.jpg\" alt=\"\" loading=\"lazy\" srcset=\"https:\/\/www.brannholms.se\/wp-content\/uploads\/2018\/04\/Shop.jpg 2000w, https:\/\/www.brannholms.se\/wp-content\/uploads\/2018\/04\/Shop-300x225.jpg 300w, https:\/\/www.brannholms.se\/wp-content\/uploads\/2018\/04\/Shop-768x576.jpg 768w, https:\/\/www.brannholms.se\/wp-content\/uploads\/2018\/04\/Shop-1024x768.jpg 1024w, https:\/\/www.brannholms.se\/wp-content\/uploads\/2018\/04\/Shop-960x720.jpg 960w\" sizes=\"(max-width: 2000px) 100vw, 2000px\"><\/p>\n<h3>Caf\u00e9<\/h3>\n<p>Do you want a hot cup of coffee or a decent meal? Never start the day without a proper breakfast!<\/p>\n<p><a href=\"https:\/\/www.brannholms.se\/?page_id=3435\" role=\"button\"><br \/>\nRead More<br \/>\n<\/a><br \/>\nGet In Touch\n\t\t\t \t<link rel=\"stylesheet\" href=\"https:\/\/www.brannholms.se\/wp-content\/plugins\/elementor\/assets\/css\/widget-icon-list.min.css\">\n<ul>\n<li>\n\t\t\t\t\t\t\t\t\t\tBorgvattnet 131 844 95 Stugun<\/li>\n<li>\n\t\t\t\t\t\t\t\t\t\t+46 (0)695 50021<\/li>\n<li>\n\t\t\t\t\t\t\t\t\t\tOpening hours:<\/li>\n<\/ul>\n<ul>\n<li>\n\t\t\t\t\t\t\t\t\t\tWednesday: 13:00-17:00<\/li>\n<li>\n\t\t\t\t\t\t\t\t\t\tFriday: 13:00-17:00<\/li>\n<li>\n\t\t\t\t\t\t\t\t\t\tSaturday: 11:00-13:00<\/li>\n<li>\n\t\t\t\t\t\t\t\t\t\tUnmanned opening hours every day 06:00-21:00<\/li>\n<li>\n\t\t\t\t\t\t\t\t\t\tPick-up of ordered goods (Systembolaget, Apotek, etc.) is done during staffed hours or in consultation with staff.<\/li>\n<\/ul>\n<p>Find Us<\/p>\n<style>\/*! elementor - v3.10.1 - 17-01-2023 *\/<br \/>\n.elementor-widget-google_maps .elementor-widget-container{overflow:hidden}.elementor-widget-google_maps iframe{height:300px}<\/style>\n<p>\t\t\t<iframe loading=\"lazy\" src=\"https:\/\/maps.google.com\/maps?q=Borgvattnet%20131%20844%2095%20Stugun&amp;t=m&amp;z=14&amp;output=embed&amp;iwloc=near\" title=\"Borgvattnet 131 844 95 Stugun\" aria-label=\"Borgvattnet 131 844 95 Stugun\"><\/iframe><br \/>\nFollow Us<\/p>\n<style>\/*! elementor - v3.10.1 - 17-01-2023 *\/<br \/>\n.elementor-widget-social-icons.elementor-grid-0 .elementor-widget-container,.elementor-widget-social-icons.elementor-grid-mobile-0 .elementor-widget-container,.elementor-widget-social-icons.elementor-grid-tablet-0 .elementor-widget-container{line-height:1;font-size:0}.elementor-widget-social-icons:not(.elementor-grid-0):not(.elementor-grid-tablet-0):not(.elementor-grid-mobile-0) .elementor-grid{display:inline-grid}.elementor-widget-social-icons .elementor-grid{grid-column-gap:var(--grid-column-gap,5px);grid-row-gap:var(--grid-row-gap,5px);grid-template-columns:var(--grid-template-columns);justify-content:var(--justify-content,center);justify-items:var(--justify-content,center)}.elementor-icon.elementor-social-icon{font-size:var(--icon-size,25px);line-height:var(--icon-size,25px);width:calc(var(--icon-size, 25px) + (2 * var(--icon-padding, .5em)));height:calc(var(--icon-size, 25px) + (2 * var(--icon-padding, .5em)))}.elementor-social-icon{--e-social-icon-icon-color:#fff;display:inline-flex;background-color:#818a91;align-items:center;justify-content:center;text-align:center;cursor:pointer}.elementor-social-icon i{color:var(--e-social-icon-icon-color)}.elementor-social-icon svg{fill:var(--e-social-icon-icon-color)}.elementor-social-icon:last-child{margin:0}.elementor-social-icon:hover{opacity:.9;color:#fff}.elementor-social-icon-android{background-color:#a4c639}.elementor-social-icon-apple{background-color:#999}.elementor-social-icon-behance{background-color:#1769ff}.elementor-social-icon-bitbucket{background-color:#205081}.elementor-social-icon-codepen{background-color:#000}.elementor-social-icon-delicious{background-color:#39f}.elementor-social-icon-deviantart{background-color:#05cc47}.elementor-social-icon-digg{background-color:#005be2}.elementor-social-icon-dribbble{background-color:#ea4c89}.elementor-social-icon-elementor{background-color:#d30c5c}.elementor-social-icon-envelope{background-color:#ea4335}.elementor-social-icon-facebook,.elementor-social-icon-facebook-f{background-color:#3b5998}.elementor-social-icon-flickr{background-color:#0063dc}.elementor-social-icon-foursquare{background-color:#2d5be3}.elementor-social-icon-free-code-camp,.elementor-social-icon-freecodecamp{background-color:#006400}.elementor-social-icon-github{background-color:#333}.elementor-social-icon-gitlab{background-color:#e24329}.elementor-social-icon-globe{background-color:#818a91}.elementor-social-icon-google-plus,.elementor-social-icon-google-plus-g{background-color:#dd4b39}.elementor-social-icon-houzz{background-color:#7ac142}.elementor-social-icon-instagram{background-color:#262626}.elementor-social-icon-jsfiddle{background-color:#487aa2}.elementor-social-icon-link{background-color:#818a91}.elementor-social-icon-linkedin,.elementor-social-icon-linkedin-in{background-color:#0077b5}.elementor-social-icon-medium{background-color:#00ab6b}.elementor-social-icon-meetup{background-color:#ec1c40}.elementor-social-icon-mixcloud{background-color:#273a4b}.elementor-social-icon-odnoklassniki{background-color:#f4731c}.elementor-social-icon-pinterest{background-color:#bd081c}.elementor-social-icon-product-hunt{background-color:#da552f}.elementor-social-icon-reddit{background-color:#ff4500}.elementor-social-icon-rss{background-color:#f26522}.elementor-social-icon-shopping-cart{background-color:#4caf50}.elementor-social-icon-skype{background-color:#00aff0}.elementor-social-icon-slideshare{background-color:#0077b5}.elementor-social-icon-snapchat{background-color:#fffc00}.elementor-social-icon-soundcloud{background-color:#f80}.elementor-social-icon-spotify{background-color:#2ebd59}.elementor-social-icon-stack-overflow{background-color:#fe7a15}.elementor-social-icon-steam{background-color:#00adee}.elementor-social-icon-stumbleupon{background-color:#eb4924}.elementor-social-icon-telegram{background-color:#2ca5e0}.elementor-social-icon-thumb-tack{background-color:#1aa1d8}.elementor-social-icon-tripadvisor{background-color:#589442}.elementor-social-icon-tumblr{background-color:#35465c}.elementor-social-icon-twitch{background-color:#6441a5}.elementor-social-icon-twitter{background-color:#1da1f2}.elementor-social-icon-viber{background-color:#665cac}.elementor-social-icon-vimeo{background-color:#1ab7ea}.elementor-social-icon-vk{background-color:#45668e}.elementor-social-icon-weibo{background-color:#dd2430}.elementor-social-icon-weixin{background-color:#31a918}.elementor-social-icon-whatsapp{background-color:#25d366}.elementor-social-icon-wordpress{background-color:#21759b}.elementor-social-icon-xing{background-color:#026466}.elementor-social-icon-yelp{background-color:#af0606}.elementor-social-icon-youtube{background-color:#cd201f}.elementor-social-icon-500px{background-color:#0099e5}.elementor-shape-rounded .elementor-icon.elementor-social-icon{border-radius:10%}.elementor-shape-circle .elementor-icon.elementor-social-icon{border-radius:50%}<\/style>\n<p>\t\t\t\t\t<a href=\"https:\/\/www.facebook.com\/brannholms.se\"><br \/>\nFacebook<br \/>\n<\/a><br \/>\n<a href=\"https:\/\/www.instagram.com\/affarn_i_borgvattnet\/\"><br \/>\nInstagram<br \/>\n<\/a><\/p>\n<h3>Send us a message<\/h3>\n<p>We will reply as soon as possible!<\/p>\n<div class=\"wpforms-container \" id=\"wpforms-2491\"><form id=\"wpforms-form-2491\" class=\"wpforms-validate wpforms-form\" data-formid=\"2491\" method=\"post\" enctype=\"multipart\/form-data\" action=\"\/index.php?rest_route=%2Fwp%2Fv2%2Fpages%2F3067\" data-token=\"d7ee06bf59266423933504d047a5c86f\"><noscript class=\"wpforms-error-noscript\">Aktivera JavaScript i din webbl\u00e4sare f\u00f6r att slutf\u00f6ra detta formul\u00e4r.<\/noscript><div class=\"wpforms-field-container\"><div id=\"wpforms-2491-field_0-container\" class=\"wpforms-field wpforms-field-name\" data-field-id=\"0\"><label class=\"wpforms-field-label wpforms-label-hide\" for=\"wpforms-2491-field_0\">Your Name  <span class=\"wpforms-required-label\">*<\/span><\/label><input type=\"text\" id=\"wpforms-2491-field_0\" class=\"wpforms-field-large wpforms-field-required\" name=\"wpforms[fields][0]\" placeholder=\"Your Name \" required><\/div><div id=\"wpforms-2491-field_1-container\" class=\"wpforms-field wpforms-field-email\" data-field-id=\"1\"><label class=\"wpforms-field-label wpforms-label-hide\" for=\"wpforms-2491-field_1\">Email <span class=\"wpforms-required-label\">*<\/span><\/label><input type=\"email\" id=\"wpforms-2491-field_1\" class=\"wpforms-field-large wpforms-field-required\" name=\"wpforms[fields][1]\" placeholder=\"Email Address\" required><\/div><div id=\"wpforms-2491-field_2-container\" class=\"wpforms-field wpforms-field-textarea\" data-field-id=\"2\"><label class=\"wpforms-field-label wpforms-label-hide\" for=\"wpforms-2491-field_2\">Your Message <span class=\"wpforms-required-label\">*<\/span><\/label><textarea id=\"wpforms-2491-field_2\" class=\"wpforms-field-medium wpforms-field-required\" name=\"wpforms[fields][2]\" placeholder=\"Message\" required><\/textarea><\/div><\/div><div class=\"wpforms-field wpforms-field-hp\"><label for=\"wpforms-2491-field-hp\" class=\"wpforms-field-label\">Phone<\/label><input type=\"text\" name=\"wpforms[hp]\" id=\"wpforms-2491-field-hp\" class=\"wpforms-field-medium\"><\/div><input type=\"hidden\" name=\"wpforms[recaptcha]\" value=\"\"><div class=\"wpforms-submit-container\"><input type=\"hidden\" name=\"wpforms[id]\" value=\"2491\"><input type=\"hidden\" name=\"wpforms[author]\" value=\"1\"><button type=\"submit\" name=\"wpforms[submit]\" id=\"wpforms-submit-2491\" class=\"wpforms-submit\" data-alt-text=\"Sending...\" data-submit-text=\"SEND MESSAGE\" aria-live=\"assertive\" value=\"wpforms-submit\">SEND MESSAGE<\/button><\/div><\/form><\/div>  <!-- .wpforms-container -->\n","protected":false},"excerpt":{"rendered":"<p>Aff\u00e4r&#8217;n i Borgvattnet Caf\u00e9 Shop B&amp;B Essentials For Your Visit We have everything for your stay. Other than products for your everyday living, we offer our guests free wifi, we can give tips about local activities. Outside our shop we have a gas station and we are also a communal service point. Free Wifi Never &hellip;<\/p>\n<p class=\"read-more\"> <a class=\"\" href=\"https:\/\/www.brannholms.se\/\"> <span class=\"screen-reader-text\">hemsida<\/span> L\u00e4s mer &raquo;<\/a><\/p>\n","protected":false},"author":1,"featured_media":0,"parent":0,"menu_order":0,"comment_status":"closed","ping_status":"closed","template":"","meta":{"site-sidebar-layout":"no-sidebar","site-content-layout":"page-builder","ast-global-header-display":"","ast-main-header-display":"","ast-hfb-above-header-display":"","ast-hfb-below-header-display":"","ast-hfb-mobile-header-display":"","site-post-title":"disabled","ast-breadcrumbs-content":"","ast-featured-img":"disabled","footer-sml-layout":"","theme-transparent-header-meta":"","adv-header-id-meta":"","stick-header-meta":"","header-above-stick-meta":"","header-main-stick-meta":"","header-below-stick-meta":""},"aioseo_notices":[],"_links":{"self":[{"href":"https:\/\/www.brannholms.se\/index.php?rest_route=\/wp\/v2\/pages\/3067"}],"collection":[{"href":"https:\/\/www.brannholms.se\/index.php?rest_route=\/wp\/v2\/pages"}],"about":[{"href":"https:\/\/www.brannholms.se\/index.php?rest_route=\/wp\/v2\/types\/page"}],"author":[{"embeddable":true,"href":"https:\/\/www.brannholms.se\/index.php?rest_route=\/wp\/v2\/users\/1"}],"replies":[{"embeddable":true,"href":"https:\/\/www.brannholms.se\/index.php?rest_route=%2Fwp%2Fv2%2Fcomments&post=3067"}],"version-history":[{"count":462,"href":"https:\/\/www.brannholms.se\/index.php?rest_route=\/wp\/v2\/pages\/3067\/revisions"}],"predecessor-version":[{"id":4647,"href":"https:\/\/www.brannholms.se\/index.php?rest_route=\/wp\/v2\/pages\/3067\/revisions\/4647"}],"wp:attachment":[{"href":"https:\/\/www.brannholms.se\/index.php?rest_route=%2Fwp%2Fv2%2Fmedia&parent=3067"}],"curies":[{"name":"wp","href":"https:\/\/api.w.org\/{rel}","templated":true}]}}